8424 is divided by 1465?
69
What is the remainder when 281610 is divided by 170?
90
Calculate the remainder when 2532523 is divided by 25.
23
Calculate the remainder when 140359 is divided by 4825.
434
What is the remainder when 30737761 is divided by 566?
565
Calculate the remainder when 39058359 is divided by 2552.
2551
What is the remainder when 42657 is divided by 1343?
1024
What is the remainder when 354734 is divided by 2534?
2508
Calculate the remainder when 973673 is divided by 784.
729
Calculate the remainder when 1729680 is divided by 216191.
152
Calculate the remainder when 166889664 is divided by 431.
430
Calculate the remainder when 2206742 is divided by 4344.
4334
What is the remainder when 3069326 is divided by 9473?
74
What is the remainder when 31838837 is divided by 6367765?
12
What is the remainder when 1311063 is divided by 168?
159
Calculate the remainder when 148798 is divided by 992.
990
Calculate the remainder when 59648 is divided by 7039.
3336
Calculate the remainder when 2728557 is divided by 120.
117
Calculate the remainder when 5239471 is divided by 2294.
2269
What is the remainder when 4041158 is divided by 3454?
3432
Calculate the remainder when 13670635 is divided by 13670627.
8
What is the remainder when 734164353 is divided by 1078?
1077
What is the remainder when 2235169 is divided by 14326?
313
Calculate the remainder when 1532851 is divided by 826.
621
Calculate the remainder when 24235904 is divided by 252457.
32
Calculate the remainder when 4256807 is divided by 82.
23
What is the remainder when 156453 is divided by 111?
54
What is the remainder when 4039107 is divided by 11?
6
What is the remainder when 4718469 is divided by 277550?
119
Calculate the remainder when 438133 is divided by 21.
10
Calculate the remainder when 775617 is divided by 618.
27
Calculate the remainder when 5429957 is divided by 7469.
7463
Calculate the remainder when 3095972 is divided by 387.
359
What is the remainder when 30850 is divided by 3845?
90
What is the remainder when 61250 is divided by 30307?
636
Calculate the remainder when 13624568 is divided by 3031.
223
What is the remainder when 42385368 is divided by 44?
36
Calculate the remainder when 1601633 is divided by 818.
807
Calculate the remainder when 30971645 is divided by 73219.
8
Calculate the remainder when 233605 is divided by 17964.
73
Calculate the remainder when 26887245 is divided by 29.
11
What is the remainder when 255471 is divided by 24?
15
Calculate the remainder when 46421 is divided by 38550.
7871
Calculate the remainder when 5875190 is divided by 3264.
3254
What is the remainder when 650424 is divided by 12507?
60
What is the remainder when 2536163 is divided by 195?
188
Calculate the remainder when 2885618 is divided by 3313.
3308
Calculate the remainder when 2318609 is divided by 32.
17
What is the remainder when 3797170 is divided by 115065?
25
Calculate the remainder when 58810 is divided by 1337.
1319
Calculate the remainder when 11126453 is divided by 118.
115
What is the remainder when 105760 is divided by 2237?
621
What is the remainder when 17610073 is divided by 886?
823
What is the remainder when 2698105 is divided by 173?
170
What is the remainder when 21248 is divided by 507?
461
What is the remainder when 81412 is divided by 40080?
1252
Calculate the remainder when 1021611 is divided by 24.
3
Calculate the remainder when 11422 is divided by 10582.
840
What is the remainder when 2179283 is divided by 1850?
1833
What is the remainder when 3770798 is divided by 942698?
6
Calculate the remainder when 1876736 is divided by 16607.
145
What is the remainder when 175340 is divided by 327?
68
Calculate the remainder when 20355711 is divided by 108275.
11
Calculate the remainder when 435664 is divided by 29.
26
Calculate the remainder when 2043092 is divided by 75670.
2
Calculate the remainder when 67448 is divided by 65878.
1570
Calculate the remainder when 334858 is divided by 11536.
314
What is the remainder when 18284 is divided by 6033?
185
Calculate the remainder when 416942 is divided by 680.
102
Calculate the remainder when 16256578 is divided by 6.
4
Calculate the remainder when 217163 is divided by 71310.
3233
What is the remainder when 491435 is divided by 3004?
1783
What is the remainder when 8497937 is divided by 33?
8
What is the remainder when 561322541 is divided by 184?
181
What is the remainder when 24140863 is divided by 160?
63
What is the remainder when 164716346 is divided by 1689?
1688
What is the remainder when 53247 is divided by 1524?
1431
What is the remainder when 63730 is divided by 5242?
826
Calculate the remainder when 1862 is divided by 1618.
244
Calculate the remainder when 31180970 is divided by 109.
103
What is the remainder when 12245752 is divided by 30?
22
What is the remainder when 347544 is divided by 808?
104
Calculate the remainder when 14570319 is divided by 1575.
1569
Calculate the remainder when 75383946 is divided by 2566.
2564
What is the remainder when 560630 is divided by 272?
38
Calculate the remainder when 9593440 is divided by 1582.
192
What is the remainder when 231568 is divided by 231556?
12
What is the remainder when 540561 is divided by 585?
21
Calculate the remainder when 77309 is divided by 583.
353
Calculate the remainder when 118081 is divided by 1177.
381
What is the remainder when 102515 is divided by 1711?
1566
What is the remainder when 1444166 is divided by 1445?
611
What is the remainder when 2646557 is divided by 507?
17
Calculate the remainder when 7539001 is divided by 64.
57
Calculate the remainder when 731359 is divided by 243783.
10
Calculate the remainder when 90820758 is divided by 20.
18
What is the remainder when 1779999 is divided by 45639?
78
What is the remainder when 3574332 is divided by 170192?
300
What is the remainder when 18990452 is divided by 65?
52
What is the remainder when 1464325 is divided by 1464324?
1
What is the remainder when 333080 is divided by 4013?
1
What is the remainder when 249246 is divided by 887?
886
Calculate the remainder when 653797 is divided by 99.
1
Calculate the remainder when 7541511610 is divided by 331.
328
What is the remainder when 433840 is divided by 1298?
308
Calculate the remainder when 7806001 is divided by 72.
49
What is the remainder when 12786984 is divided by 6393453?
78
What is the remainder when 163933 is divided by 1588?
369
What is the remainder when 183248 is divided by 213?
68
What is the remainder when 2651987 is divided by 155998?
21
What is the remainder when 3759728 is divided by 130?
128
What is the remainder when 2272398 is divided by 11?
7
Calculate the remainder when 279509 is divided by 1816.
1661
What is the remainder when 7997947 is divided by 801?
763
Calculate the remainder when 36429 is divided by 2208.
1101
Calculate the remainder when 14387 is divided by 116.
3
Calculate the remainder when 15772 is divided by 15581.
191
What is the remainder when 845346 is divided by 254?
34
Calculate the remainder when 67210718 is divided by 14.
8
What is the remainder when 284758 is divided by 34?
8
What is the remainder when 527429948 is divided by 15?
8
What is the remainder when 77080 is divided by 19173?
388
What is the remainder when 621219 is divided by 58?
39
Calculate the remainder when 147902 is divided by 73950.
2
Calculate the remainder when 1603213 is divided by 14442.
151
What is the remainder when 37758 is divided by 37563?
195
What is the remainder when 1310674 is divided by 1771?
134
What is the remainder when 68680244 is divided by 182?
178
Calculate the remainder when 1725660 is divided by 33180.
300
What is the remainder when 8642884 is divided by 233591?
17
Calculate the remainder when 313366 is divided by 3369.
49
Calculate the remainder when 30195 is divided by 7124.
1699
Calculate the remainder when 9194175 is divided by 326.
323
Calculate the remainder when 117080 is divided by 4553.
3255
What is the remainder when 615295 is divided by 205089?
28
Calculate the remainder when 134513018 is divided by 603.
602
Calculate the remainder when 69463773 is divided by 6304.
6301
What is the remainder when 10304243 is divided by 708?
11
What is the remainder when 3055062 is divided by 572?
10
Calcula